e 5*v - 30 = 5*c, 2*v = 3*v - 3*c - 6. Calculate the remainder when h(-6) is divided by v.
5
Let q(d) = 5*d. Let z be q(4). Let f = z - 11. Calculate the remainder when 25 is divided by f.
7
Let f = 133 - 51. Suppose -10*i = 7*i - 357. Calculate the remainder when f is divided by i.
19
Let u(z) = 12*z + 12. Calculate the remainder when u(15) is divided by 39.
36
Calculate the remainder when 423 is divided by ((-142)/(-8))/((-5)/(-20)).
68
Calculate the remainder when 438 is divided by (-4)/34 - (-1651)/17.
50
Let i be -2*(-3 + (-1 - -3)). Calculate the remainder when 2/((-4)/i) - (-40)/2 is divided by 10.
9
Suppose 9*y = 10*y - 48. What is the remainder when y is divided by 21?
6
Suppose 95 - 23 = 4*o. Suppose 470 = o*p - 13*p. What is the remainder when p is divided by 32?
30
Suppose -2*m - 2 = -5*j, 5*j = m - 2*m + 14. Suppose -4*c + m = -12. Suppose -5 + 13 = c*n. Calculate the remainder when n is divided by 1.
0
Let i = 5 - -11. Let h(m) = -m**3 - 3*m**2 - m + 1. Let k be h(-2). Let w = i - k. What is the remainder when w is divided by 10?
7
Let d = 15 + -19. Let g be 1 + d + 1 - 1. Calculate the remainder when 23 is divided by g*(-1 + 3/(-1)).
11
Let r(b) = b**3 + 8*b**2 - 12*b - 16. Let z be r(-9). Let f = 3 + z. Let n(m) = m**3 - m**2 - m + 26. Calculate the remainder when n(0) is divided by f.
12
Calculate the remainder when 34 - (-7 + (15 - 2)) is divided by 18.
10
Let x = -75 - -75. Suppose x = 5*s - 85 - 35. Calculate the remainder when 119 is divided by s.
23
Let p = -73 + 76. Let o(l) = 2*l**3 - l**2 - 3*l - 1. Calculate the remainder when 69 is divided by o(p).
34
Let d = 408 + -361. Calculate the remainder when 185 is divided by d.
44
Let p = 1336 + -1315. Suppose 5*f + 3*l = 55, -6 = 3*f + l - 39. What is the remainder when p is divided by f?
10
Calculate the remainder when -3*7/(-3) + (-11350)/(-50) is divided by 34.
30
Suppose -s + 37*i - 34*i = -205, 895 = 4*s + 3*i. What is the remainder when s is divided by 16?
12
Let m be (1 - 3)*(-7)/1. Suppose -c - 2*o + o = 9, -2*c - 18 = -4*o. Let i = c + m. What is the remainder when 8 is divided by i?
3
Let k = 346 - 318. What is the remainder when k is divided by 5?
3
Suppose 0 = -5*z + 3*d + 403, -5*d = -4*z + 169 + 143. What is the remainder when 324 is divided by z?
75
Suppose 0 = -u + 3*m + 8, -1 = -2*m + 9. Let v = u - 8. Calculate the remainder when v is divided by 26/143 - 86/(-11).
7
Let r(g) = -g + 22. Suppose 5 + 5 = -t. What is the remainder when 92 is divided by r(t)?
28
Let f(w) = w**3 + 11*w**2 - 4*w - 6. Let q be f(-11). Let i = q + -21. Calculate the remainder when i is divided by 11.
6
Let s = -403 + 476. What is the remainder when 507 is divided by s?
69
Suppose 15 = -2*j - 3. Let s = j - -15. Suppose o = 1, -c - 5*o + 7 = -s. What is the remainder when 15 is divided by c?
7
Suppose 0 = -h - 0*h + 10. Let c be -52*14*2/(-16). Suppose 7*u - 2*u = -4*n + 168, -5*u = -3*n + c. What is the remainder when n is divided by h?
7
Let g(u) = u**3 - 2*u**2 - u - 5. Let x = -2425 - -2466. What is the remainder when x is divided by g(4)?
18
Let n(f) = -2*f**3 - 8*f**2 + 54*f + 232. Suppose 7*m - 28 = 6*m - y, 85 = 3*m + 2*y. Let b = 34 + m. What is the remainder when b is divided by n(-4)?
15
Let r = 337 + -304. What is the remainder when r is divided by 12?
9
Let d(l) = -2 + 15*l - 5 - l - 4. What is the remainder when d(5) is divided by 12?
11
Suppose 2090 = -2*b + 7*b. Calculate the remainder when b is divided by 84.
82
Suppose 2 = 5*x - 5*r - 323, -3*r + 155 = 2*x. What is the remainder when 86 is divided by x?
16
Let w(h) = 2*h**3 - 9*h**2 - 11*h - 8. Let k = 5 - 5. Let q(c) = c**2 + 12. What is the remainder when w(6) is divided by q(k)?
10
Let k(p) = 2*p**2 - 2*p + 4. Let c = -22 - -24. Let r be k(c). What is the remainder when 22 is divided by r - (-3 + -1) - 0?
10
Let m(l) = -l**2 + 12*l - 9. Let z be m(11). Let a(h) = 1 + 122*h**2 - z*h + 3*h - 24*h**2. What is the remainder when a(-1) is divided by 25?
23
Let z(d) = d**3 - 9*d**2 - 8*d - 4. Suppose 2*x + 12 = 32. Suppose 0 = y - 5*w - 62, 4*y = -w + 3*w + 248. What is the remainder when y is divided by z(x)?
14
Suppose 36*i = 39*i - 39. Calculate the remainder when 64 is divided by i.
12
Let w(a) = 12*a**2 - a - 3. Let h(s) = -3*s**3 + s**2 + 4*s + 3. Calculate the remainder when w(2) is divided by h(-2).
20
Calculate the remainder when (33/99)/((-125)/42 - -3) is divided by 9.
5
Let q(u) = 6*u**2 + 8*u - 5. Let n be q(-7). Suppose 2*x - 3*x + n = 5*i, -3*i - 2*x = -144. Calculate the remainder when i is divided by 1 - (4 + -17) - -2.
14
Suppose 144 = -124*u + 133*u. Calculate the remainder when 45 is divided by u.
13
Let q(g) be the first derivative of -5*g**4/4 - g**2/2 - g + 29. Let x be (2/4)/((-3)/6). Calculate the remainder when 9 is divided by q(x).
4
Suppose -5*v = 36 - 316. Let t = 120 - v. Calculate the remainder when t is divided by 17.
13
Suppose -39 = -3*g - 3*b, 4*g = 2*b + 27 - 5. What is the remainder when 88 is divided by g?
0
Let k = 24 - 32. Let a = -14 - k. Let n = 12 - a. Calculate the remainder when n is divided by 7.
4
Let a = -13 + 29. What is the remainder when 107 is divided by a?
11
Let k(z) = z**2 - 5. Let s be k(3). Let y = s + 10. Let h(v) = v**3 + 7*v**2 - 2*v - 9. What is the remainder when h(-6) is divided by y?
11
Suppose 54*q - 816 = 42*q. What is the remainder when q is divided by -1 + -1 + -1 + 25?
2
Let n be 18/45 + (-33)/(-5). Suppose 4*q + 225 = n*q. Suppose -2*p - 4*d = -d - q, -20 = -p + 2*d. What is the remainder when p is divided by 8?
6
Suppose 6*b = 11*b - 125. Let k = -15 + b. Suppose -4*f + 38 - k = 0. What is the remainder when f is divided by 3?
1
Suppose 23 + 49 = 3*r + 3*k, -5*r = 2*k - 123. Let z = 293 + -277. Calculate the remainder when r is divided by z.
9
Let z(q) = -q**3 - 12*q**2 + 13*q + 5. What is the remainder when 77 is divided by z(-13)?
2
Let s = -10 + 16. Let j(z) = 3*z - 7. Let a(b) = -36*b - 77. Calculate the remainder when a(-3) is divided by j(s).
9
Suppose 3*n + 0*n - 135 = 0. Suppose -3 = k, k - n = -4*r + 12. Let d = -16 - -104. Calculate the remainder when d is divided by r.
13
Let b = 164 - 77. Let n = b + -57. Calculate the remainder when n is divided by 16.
14
Suppose -l - 3*x = -2, -3*l - 5*x + 6 = -12. Let j(b) = -b**3 - 14*b**2 + 4. Let r be j(-14). Let h = r + 26. What is the remainder when h is divided by l?
8
Let u = -97 + 187. Suppose 2*j - 2*o = -2*j + 204, -u = -2*j + 4*o. Let p(f) = -21*f**2 + 230*f + 25. What is the remainder when j is divided by p(11)?
11
Let w = -593 + 641. What is the remainder when w is divided by 27?
21
Let f = -17 + 18. Let s(w) = 34*w**2 - 2*w + 1. Calculate the remainder when 62 is divided by s(f).
29
Suppose 4 = 5*p - 3*p. Suppose p*f - 2*b - 40 = -4*b, 3*f + b = 60. Let t = -6 + f. Calculate the remainder when 26 is divided by t.
12
Let q(d) = 2*d**2 + 3*d + 2. Let u be q(-2). Suppose -31 = -u*t + 9. Calculate the remainder when 38 is divided by t.
8
Let b(m) = -m**3 - 15*m**2 + 20*m + 25. Let x(h) = h**3 + 14*h**2 - 20*h - 24. Let v(o) = -3*b(o) - 4*x(o). What is the remainder when v(-13) is divided by 17?
14
Suppose 5*m - 172 = -g, 2*m - 3 = m. Calculate the remainder when g is divided by 18.
13
Suppose 5*z = -2*m - 281, -6*m + m - 688 = -2*z. Let a = m + 163. Calculate the remainder when 199 is divided by a.
24
Let s(a) = -2*a + 0*a - 9 + 23*a**2 + 6 + 0*a**2. What is the remainder when s(-1) is divided by 8?
6
Let s(x) be the third derivative of -x**6/120 - 17*x**5/60 - 7*x**4/8 + 4*x**3 + 39*x**2 - 2. What is the remainder when s(-16) is divided by 21?
20
Let b = -157 - -170. Calculate the remainder when 47 is divided by b.
8
Let x(v) = 15*v - 106. Calculate the remainder when 27 is divided by x(8).
13
Suppose -3*n - 96 = 5*m, -4*n = m - 3*m - 28. Let o = m + 30. What is the remainder when 82 is divided by o?
10
Let u(x) = -x**3 - 9*x**2 - x + 1. Suppose 6*n = -34 - 20. What is the remainder when 30 is divided by u(n)?
0
Suppose 2*p - 24 = -x, -5*p + 29 + 23 = 2*x. Calculate the remainder when 107 is divided by x.
11
Let m = 345 + -330. What is the remainder when 100 is divided by m?
10
Let y = 565 - 499. Calculate the remainder when 183 is divided by y.
51
Let r(c) = c**2 - 5*c + 6. Let q be 